 of 92750?
True
Is 1070 a factor of 8929156?
False
Is 190960 a multiple of 40?
True
Is 121 a factor of 48884?
True
Does 25 divide 1453132?
False
Is 2310182 a multiple of 14?
True
Is 3 a factor of 23222?
False
Does 21 divide 8008707?
True
Is 288356 a multiple of 16?
False
Is 270929 a multiple of 201?
False
Is 763434 a multiple of 21?
True
Does 18 divide 5824661?
False
Does 227 divide 6488529?
False
Is 262 a factor of 1342228?
False
Is 3287252 a multiple of 92?
True
Is 6236550 a multiple of 25?
True
Does 102 divide 1407428?
False
Does 420 divide 1911189?
False
Does 74 divide 37296?
True
Does 12 divide 2756755?
False
Does 22 divide 6518229?
False
Is 572081 a multiple of 45?
False
Is 15 a factor of 769357?
False
Does 259 divide 1450920?
False
Is 95 a factor of 10270358?
False
Does 378 divide 257447?
False
Does 169 divide 24167?
True
Is 1394513 a multiple of 23?
True
Is 113 a factor of 109384?
True
Does 178 divide 42001?
False
Is 24486 a multiple of 159?
True
Does 302 divide 524605?
False
Does 33 divide 149270?
False
Is 532 a factor of 7794784?
False
Does 10 divide 155152?
False
Does 6 divide 33967?
False
Does 85 divide 1763750?
True
Does 210 divide 7094850?
True
Does 45 divide 344823?
False
Is 394096 a multiple of 364?
False
Does 5 divide 11659?
False
Is 280 a factor of 556882?
False
Is 56558 a multiple of 62?
False
Does 13 divide 387909?
False
Does 873 divide 1832427?
True
Is 147764 a multiple of 82?
True
Is 161 a factor of 520030?
True
Is 369 a factor of 15867?
True
Does 116 divide 5221972?
True
Is 629868 a multiple of 27?
False
Is 164610 a multiple of 30?
True
Is 369144 a multiple of 9?
True
Is 62450 a multiple of 8?
False
Does 13 divide 1709757?
False
Does 20 divide 26700?
True
Does 214 divide 2898844?
True
Is 405944 a multiple of 44?
True
Is 236450 a multiple of 4?
False
Does 28 divide 739240?
False
Does 32 divide 671328?
True
Is 7279527 a multiple of 82?
False
Is 380144 a multiple of 101?
False
Is 1321202 a multiple of 173?
False
Does 6 divide 979914?
True
Is 22 a factor of 8931956?
True
Is 14 a factor of 613466?
True
Is 312 a factor of 424267?
False
Is 136332 a multiple of 36?
True
Does 6 divide 756389?
False
Is 163630 a multiple of 11?
False
Is 127 a factor of 1328009?
False
Is 351540 a multiple of 36?
True
Is 15 a factor of 840420?
True
Is 91998 a multiple of 104?
False
Is 14671966 a multiple of 1011?
False
Is 829212 a multiple of 172?
True
Is 162 a factor of 426060?
True
Is 236250 a multiple of 252?
False
Is 1883394 a multiple of 14?
False
Does 40 divide 32000?
True
Is 61 a factor of 1651331?
True
Is 12 a factor of 5528468?
False
Is 86834 a multiple of 22?
True
Does 235 divide 2575211?
False
Is 14 a factor of 97468?
True
Is 106425 a multiple of 226?
False
Is 10354155 a multiple of 5?
True
Does 540 divide 163080?
True
Does 23 divide 511474?
True
Is 2245 a factor of 11448992?
False
Does 40 divide 3637120?
True
Is 14 a factor of 1813481?
False
Does 35 divide 129220?
True
Is 4339076 a multiple of 28?
True
Is 6658250 a multiple of 67?
False
Is 1525932 a multiple of 12?
True
Is 13 a factor of 912437?
False
Is 73644 a multiple of 232?
False
Does 2 divide 24503?
False
Is 206 a factor of 220149?
False
Does 34 divide 1596164?
True
Is 1541960 a multiple of 40?
True
Is 193 a factor of 14937042?
True
Is 21 a factor of 446796?
True
Is 6943667 a multiple of 77?
False
Does 57 divide 15189?
False
Does 60 divide 161824?
False
Is 5 a factor of 7245?
True
Is 22 a factor of 4313224?
False
Is 23072 a multiple of 28?
True
Does 9 divide 95723?
False
Is 651721 a multiple of 74?
False
Is 346146 a multiple of 31?
True
Does 168 divide 19180224?
True
Does 12 divide 1800?
True
Is 2646783 a multiple of 501?
True
Does 506 divide 716203?
False
Is 2120040 a multiple of 65?
True
Does 5 divide 17428?
False
Does 145 divide 214524?
False
Is 12 a factor of 408732?
True
Does 11 divide 2808553?
True
Is 1372307 a multiple of 68?
False
Does 14 divide 947660?
True
Is 179298 a multiple of 21?
True
Does 188 divide 16495860?
False
Is 121 a factor of 128617?
False
Is 296584 a multiple of 8?
True
Is 31 a factor of 899899?
True
Is 308196 a multiple of 28?
True
Is 9413 a multiple of 2?
False
Is 461 a factor of 411767?
False
Is 56 a factor of 393064?
True
Is 12 a factor of 470515?
False
Does 198 divide 117414?
True
Is 161 a factor of 79775?
False
Is 28 a factor of 212929?
False
Is 13 a factor of 943300?
False
Does 101 divide 395516?
True
Is 525080 a multiple of 10?
True
Does 696 divide 1354899?
False
Does 65 divide 3868800?
True
Does 21 divide 511065?
False
Is 55 a factor of 20557?
False
Is 1154364 a multiple of 228?
True
Does 53 divide 16324?
True
Does 47 divide 17131688?
True
Is 382 a factor of 2047902?
True
Is 59203 a multiple of 2?
False
Does 90 divide 54149?
False
Does 162 divide 2582877?
False
Is 385 a factor of 2365440?
True
Does 157 divide 1402010?
True
Is 1123207 a multiple of 399?
False
Does 44 divide 25622?
False
Does 325 divide 25267775?
True
Does 21 divide 453397?
False
Does 13 divide 2777606?
True
Is 17 a factor of 570486?
True
Is 8652 a multiple of 4?
True
Does 53 divide 2402307?
False
Is 49 a factor of 259800?
False
Does 47 divide 844026?
True
Is 8 a factor of 608528?
True
Is 9734 a multiple of 10?
False
Does 242 divide 42834?
True
Is 113200 a multiple of 224?
False
Does 311 divide 7742786?
False
Is 35 a factor of 838705?
True
Is 7 a factor of 84095?
False
Is 14 a factor of 219380?
True
Is 635 a factor of 1009650?
True
Does 284 divide 35216?
True
Is 205 a factor of 321023?
False
Is 510020 a multiple of 14?
True
Is 12 a factor of 9476?
False
Is 11107788 a multiple of 87?
False
Is 164757 a multiple of 13?
False
Is 46 a factor of 213118?
True
Does 193 divide 38214?
True
Is 49 a factor of 592116?
True
Does 308 divide 808192?
True
Does 406 divide 546964?
False
Does 358 divide 172722?
False
Does 62 divide 1566441?
False
Does 488 divide 1729472?
True
Does 76 divide 2800650?
False
Is 857 a factor of 1352597?
False
Is 1528990 a multiple of 33?
False
Does 206 divide 703490?
True
Is 19 a factor of 223844?
False
Is 48 a factor of 7435152?
True
Is 424 a factor of 1297016?
True
Does 48 divide 673065?
False
Does 3 divide 166058?
False
Does 53 divide 875284?
False
Does 2 divide 1236898?
True
Is 93016 a multiple of 4?
True
Is 16674300 a multiple of 191?
True
Does 4 divide 330300?
True
Does 177 divide 5080077?
True
Does 229 divide 541127?
True
Is 575 a factor of 275818?
False
Does 106 divide 253020?
False
Does 51 divide 2181831?
True
Is 1475986 a multiple of 569?
True
Is 151864 a multiple of 26?
False
Is 216975 a multiple of 275?
True
Is 27 a factor of 421825?
False
Is 618940 a multiple of 70?
True
Does 291 divide 1178358?
False
Is 6488243 a multiple of 24?
False
Does 15 divide 682297?
False
Does 77 divide 25102?
True
Is 1567 a multiple of 250?
False
Is 835 a factor of 8103272?
False
Is 12 a factor of 4672972?
False
Does 10 divide 190064?
False
Is 47 a factor of 19498?
False
Is 152431 a multiple of 2?
False
Does 8 divide 142696?
True
Is 14 a factor of 20149?
False
Is 31914 a multiple of 27?
True
Is 726 a factor of 5564064?
True
Is 27 a factor of 1526013?
True
Is 218 a factor of 1951100?
True
Is 41328 a multiple of 328?
True
Does 42 divide 208908?
True
Is 130 a factor of 92176?
False
Does 791 divide 1951094?
False
Is 121 a factor of 1719956?
False
Is 12179983 a multiple of 79?
True
Does 255 divide 209349?
False
Is 383376 a multiple of 28?
True
Is 138 a factor of 1092684?
True
Does 18 divide 153360?
True
Is 246 a factor of 20435768?
False
Does 362 divide 1495677?
False
Is 188928 a multiple of 8?
True
Is 2446206 a multiple of 75?
False
Does 88 divide 13992?
True
Is 2 a factor of 265397?
False
Is 2760957 a multiple of 544?
False
Is 450003 even?
False
Is 3167573 a multiple of 107?
False
Is 218 a factor of 1618611?
False
Is 536548 a multiple of 63?
False
Does 111 divide 153562?
False
Is 2910880 a multiple of 35?
True
Does 14 divide 42420?
True
Is 213 a factor of 287763?
True
Is 1113110 a multiple of 13?
False
Is 75762 a multiple of 191?
False
Is 108240 a multiple of 157?
False
Does 116 divide 1011288?
True
Is 14445347 a multiple of 531?
False
Does 13 divide 2549401?
False
Does 4 divide 292416?
True
Does 87 divide 1474131?
False
Is 812213 a multiple of 6?
False
Is 12 a factor of 483902?
False